
163
Calculate the greatest common divisor of 5005 and 2548.
91
Calculate the greatest common divisor of 62315 and 51500.
515
Calculate the greatest common divisor of 891 and 350064.
99
What is the highest common factor of 26351 and 13?
13
What is the highest common factor of 918712 and 276?
92
Calculate the greatest common factor of 975197 and 43.
43
What is the greatest common factor of 19908 and 6?
6
Calculate the greatest common divisor of 1258 and 444.
74
What is the greatest common divisor of 107073 and 117?
9
What is the greatest common divisor of 92 and 6233?
23
Calculate the greatest common factor of 2676 and 1198179.
669
Calculate the greatest common factor of 7250 and 3190.
290
Calculate the greatest common factor of 11 and 1145639.
11
What is the highest common factor of 44431 and 566?
283
Calculate the highest common factor of 2800 and 112600.
200
What is the greatest common divisor of 858520 and 80?
40
What is the greatest common factor of 648 and 3072?
24
Calculate the highest common divisor of 112 and 66878.
14
What is the highest common divisor of 10388 and 40124?
28
Calculate the highest common factor of 12168 and 325.
13
Calculate the greatest common divisor of 1400 and 69900.
100
What is the greatest common divisor of 170 and 241145?
85
What is the highest common divisor of 5 and 905?
5
What is the greatest common factor of 126 and 51093?
63
Calculate the highest common factor of 1036100 and 6500.
1300
Calculate the greatest common divisor of 61146 and 344.
86
What is the highest common factor of 108 and 160?
4
Calculate the highest common divisor of 206976 and 147.
147
What is the greatest common divisor of 7876 and 6512?
44
Calculate the highest common factor of 21619 and 91.
13
Calculate the highest common factor of 1254 and 1938.
114
Calculate the highest common factor of 189460 and 10.
10
Calculate the greatest common factor of 21574 and 294.
14
Calculate the greatest common divisor of 2656911 and 1884.
471
What is the greatest common divisor of 421800 and 760?
760
What is the greatest common factor of 29570 and 90?
10
What is the highest common divisor of 105542 and 678?
226
Calculate the highest common factor of 414378 and 198.
18
Calculate the highest common factor of 636 and 6198.
6
Calculate the highest common divisor of 363 and 11517.
33
What is the greatest common factor of 14 and 82887?
7
Calculate the highest common divisor of 15490525 and 25.
25
Calculate the greatest common factor of 520251 and 404.
101
What is the highest common divisor of 1336559 and 861?
287
What is the greatest common factor of 417 and 33221?
139
What is the greatest common factor of 60085 and 9455?
305
Calculate the highest common factor of 6 and 31982.
2
What is the greatest common factor of 5892 and 4632?
12
Calculate the greatest common factor of 46553 and 611.
13
What is the highest common divisor of 18 and 144423?
9
What is the greatest common factor of 8467305 and 7?
7
Calculate the greatest common factor of 14007 and 3248.
203
Calculate the greatest common divisor of 219 and 120304.
73
What is the highest common factor of 9174 and 3630?
66
Calculate the greatest common factor of 2424 and 37104.
24
Calculate the greatest common factor of 61830 and 2106.
54
What is the greatest common divisor of 2880 and 310?
10
Calculate the highest common factor of 3748 and 396.
4
What is the greatest common factor of 42 and 2525572?
14
Calculate the highest common factor of 34 and 1050685.
17
Calculate the greatest common factor of 1508846 and 92.
46
Calculate the greatest common divisor of 925 and 80623.
37
Calculate the greatest common factor of 4576 and 5984.
352
What is the greatest common factor of 1643 and 64139?
31
Calculate the highest common divisor of 752688 and 144.
144
What is the greatest common factor of 17751 and 6527?
61
Calculate the highest common divisor of 322 and 122222.
46
What is the highest common divisor of 11152 and 21607?
697
What is the highest common divisor of 40204 and 11638?
1058
What is the greatest common divisor of 962 and 5681?
13
Calculate the highest common factor of 13480 and 28420.
20
Calculate the highest common divisor of 1980 and 3069.
99
What is the highest common divisor of 1075 and 208525?
25
What is the greatest common divisor of 15543 and 2277?
99
Calculate the greatest common factor of 235 and 228185.
235
Calculate the greatest common divisor of 12413 and 1.
1
Calculate the greatest common factor of 64 and 1766.
2
Calculate the highest common divisor of 21964 and 72828.
1156
Calculate the greatest common factor of 670 and 4288.
134
Calculate the greatest common divisor of 52 and 4966.
26
What is the greatest common divisor of 236 and 92866?
118
Calculate the highest common divisor of 60 and 203340.
60
Calculate the greatest common divisor of 13065 and 15960.
15
What is the greatest common divisor of 4960 and 190?
10
What is the greatest common factor of 86 and 6330761?
43
Calculate the highest common divisor of 1054 and 65331.
17
Calculate the greatest common divisor of 3848000 and 148.
148
What is the greatest common divisor of 187261 and 4607?
271
What is the highest common factor of 709410 and 340?
170
What is the highest common divisor of 18 and 32679?
9
What is the highest common divisor of 507065 and 538?
269
What is the highest common divisor of 706 and 1742761?
353
What is the highest common divisor of 356 and 1732?
4
What is the greatest common factor of 16 and 921632?
16
Calculate the greatest common divisor of 72 and 5157.
9
What is the highest common factor of 251158 and 34?
34
Calculate the highest common divisor of 24236 and 164.
4
What is the highest common factor of 343 and 57169?
7
What is the greatest common divisor of 1239 and 5251?
59
Calculate the highest common divisor of 1450 and 10825.
25
Calculate the highest common divisor of 26505 and 5487.
93
What is the greatest common factor of 170 and 2656930?
170
Calculate the highest common divisor of 71775 and 275.
275
What is the greatest common divisor of 32 and 34912?
32
Calculate the greatest common divisor of 242877 and 57.
57
Calculate the highest common factor of 17953 and 838267.
1381
Calculate the highest common factor of 26 and 19094.
2
Calculate the highest common divisor of 1079 and 299.
13
Calculate the greatest common factor of 10 and 300925.
5
Calculate the highest common divisor of 3052 and 89271.
763
What is the highest common factor of 40303 and 2?
1
What is the highest common divisor of 35148 and 6612?
348
Calculate the greatest common divisor of 3131 and 23230.
101
Calculate the highest common factor of 3806 and 25604.
346
What is the highest common divisor of 1024 and 4192?
32
Calculate the highest common factor of 301 and 59899.
301
Calculate the greatest common divisor of 569 and 542257.
569
What is the greatest common divisor of 9955 and 770?
55
What is the greatest common factor of 324 and 9477162?
162
Calculate the greatest common factor of 183545 and 5.
5
Calculate the greatest common factor of 1090 and 1180.
10
Calculate the highest common divisor of 4631 and 1135858.
421
What is the highest common factor of 2166 and 2581150?
722
Calculate the greatest common divisor of 2234 and 62.
2
Calculate the highest common factor of 452317 and 785.
157
Calculate the highest common factor of 42 and 45234.
42
Calculate the highest common divisor of 1224 and 179384.
136
What is the greatest common factor of 3236238 and 69?
69
Calculate the highest common divisor of 298 and 52299.
149
What is the greatest common divisor of 2133 and 382131?
27
Calculate the highest common factor of 3939 and 2389660.
1313
Calculate the highest common factor of 12512 and 2737.
391
Calculate the highest common divisor of 4361 and 23941.
89
Calculate the highest common divisor of 304 and 45904.
304
Calculate the highest common factor of 904187 and 1031.
1031
Calculate the greatest common factor of 46060 and 3572.
188
Calculate the highest common divisor of 364 and 641277.
91
What is the greatest common factor of 104153 and 7?
7
What is the greatest common divisor of 76 and 77729?
19
What is the highest common factor of 87 and 542967?
87
What is the highest common factor of 275 and 115?
5
What is the highest common factor of 2289 and 